53656725.
75
What is the highest common divisor of 1427941 and 16391?
37
What is the greatest common factor of 4700928043 and 833?
833
Calculate the highest common factor of 15 and 37422740.
5
What is the greatest common factor of 568 and 55079812?
284
What is the highest common factor of 33 and 8087596?
11
Calculate the greatest common divisor of 43429212 and 342.
342
What is the highest common divisor of 112556886 and 444?
222
What is the greatest common divisor of 4 and 65889674?
2
What is the greatest common divisor of 64699103 and 7?
7
Calculate the greatest common divisor of 328 and 205369.
41
Calculate the highest common factor of 548908 and 418375.
3347
What is the highest common factor of 3769767 and 1054?
17
Calculate the greatest common factor of 1081 and 690023.
23
What is the greatest common factor of 6195940 and 1060?
20
Calculate the greatest common factor of 21942704 and 18832.
1712
Calculate the highest common factor of 4401282 and 5664.
354
Calculate the highest common factor of 70228993 and 657.
73
Calculate the greatest common factor of 6212511 and 1161.
1161
Calculate the highest common divisor of 28508677 and 17.
17
What is the highest common factor of 50457 and 16680?
417
Calculate the highest common factor of 409294 and 37222.
74
What is the greatest common factor of 1290902 and 2060198?
2914
Calculate the greatest common factor of 6699891 and 17787.
363
What is the greatest common divisor of 411 and 772934957?
137
Calculate the highest common divisor of 21298641 and 2223.
39
What is the highest common factor of 21667872 and 1629?
543
What is the greatest common divisor of 39548 and 9668?
4
Calculate the greatest common divisor of 98 and 7471674.
14
What is the greatest common divisor of 84278863 and 62?
31
What is the highest common factor of 12331 and 21233564?
209
Calculate the greatest common divisor of 283 and 1590144172.
283
What is the highest common factor of 588 and 34109439?
147
What is the greatest common divisor of 64087 and 19499313?
3373
Calculate the greatest common factor of 34164 and 432.
36
What is the greatest common divisor of 1094 and 101647916?
1094
What is the greatest common divisor of 840 and 2515785?
15
Calculate the highest common divisor of 504 and 116104464.
504
Calculate the highest common divisor of 18968440 and 40.
40
Calculate the greatest common divisor of 226 and 31005618.
226
Calculate the highest common factor of 2973072 and 2208.
1104
Calculate the greatest common divisor of 60464360 and 264.
88
What is the greatest common divisor of 13715122 and 61157?
2659
What is the highest common factor of 185 and 2719970?
5
Calculate the highest common divisor of 27926248 and 861.
287
Calculate the greatest common factor of 2614602 and 186.
186
What is the highest common factor of 1008 and 11934832?
112
What is the greatest common factor of 3209817 and 3120?
39
What is the greatest common factor of 73029700 and 100?
100
Calculate the highest common factor of 15672963 and 2088.
87
What is the greatest common divisor of 27007797 and 171?
57
Calculate the highest common divisor of 3384891 and 27.
9
What is the highest common factor of 47139 and 1112868?
57
What is the highest common factor of 630459297 and 1326?
663
Calculate the greatest common factor of 52192 and 153024.
32
Calculate the highest common divisor of 59560689 and 9423.
1047
Calculate the greatest common factor of 4758334 and 130186.
238
Calculate the greatest common divisor of 68 and 13685306.
34
What is the greatest common divisor of 8847 and 27618368?
983
What is the greatest common factor of 921 and 14057223?
921
Calculate the highest common factor of 5705197 and 86.
43
Calculate the highest common factor of 13429000 and 16.
8
Calculate the highest common factor of 436247024 and 776.
776
Calculate the highest common factor of 1461068994 and 1848.
462
Calculate the highest common factor of 1333644 and 70143.
309
Calculate the greatest common factor of 27641 and 312959.
131
What is the highest common factor of 13 and 351882232?
13
What is the greatest common divisor of 592875 and 18755?
155
What is the highest common factor of 1639 and 609103?
11
Calculate the highest common factor of 611574024 and 6288.
3144
What is the greatest common factor of 544 and 1058864?
16
What is the greatest common factor of 9 and 54280542?
3
Calculate the greatest common divisor of 247932342 and 28.
14
What is the greatest common factor of 48 and 17457904?
16
Calculate the highest common divisor of 4320 and 1422684.
108
What is the highest common divisor of 7026 and 198930651?
3513
What is the highest common factor of 972 and 344856?
12
Calculate the greatest common factor of 4038 and 198189078.
4038
What is the greatest common divisor of 77590047 and 6?
3
Calculate the highest common factor of 5754 and 782.
2
What is the highest common divisor of 24174 and 20952222?
474
What is the highest common divisor of 1884159 and 2349?
261
Calculate the greatest common factor of 2091694 and 15500.
62
Calculate the greatest common divisor of 169487769 and 55.
11
What is the highest common divisor of 1940 and 29074489?
97
Calculate the greatest common factor of 677 and 598998091.
677
What is the greatest common factor of 7708 and 484948?
164
What is the highest common factor of 2976 and 17714144?
992
Calculate the greatest common divisor of 74450 and 416450.
50
Calculate the highest common divisor of 80778756 and 84.
12
Calculate the greatest common factor of 665061 and 3936.
123
What is the highest common divisor of 102 and 19013990?
34
Calculate the highest common factor of 560448 and 679154.
1946
What is the highest common factor of 689150 and 19195?
55
What is the highest common factor of 841295600 and 80?
80
Calculate the greatest common divisor of 9746 and 237183529.
4873
What is the greatest common divisor of 12 and 14727723?
3
Calculate the greatest common divisor of 40896 and 1171074.
426
Calculate the greatest common divisor of 128 and 800024.
8
Calculate the highest common divisor of 10 and 2540858.
2
Calculate the greatest common divisor of 993839 and 249865.
77
What is the highest common divisor of 91439 and 107116?
61
What is the highest common divisor of 2061 and 3284352?
9
What is the highest common factor of 3476 and 356092?
44
What is the highest common factor of 317381 and 205?
41
Calculate the highest common factor of 8462974 and 10274.
934
Calculate the greatest common divisor of 337663125 and 16875.
5625
Calculate the highest common divisor of 648846 and 51939.
261
What is the highest common divisor of 333863 and 1605888?
697
Calculate the greatest common divisor of 121994 and 42125.
337
Calculate the greatest common factor of 47 and 8004899.
47
Calculate the greatest common divisor of 135 and 130304715.
15
What is the highest common divisor of 153 and 1486684?
17
Calculate the greatest common factor of 8779700 and 60.
20
Calculate the highest common divisor of 382 and 2711871098.
382
What is the greatest common factor of 304384 and 17548?
164
Calculate the highest common factor of 495 and 10804320.
45
What is the highest common divisor of 74251 and 24544483?
1811
Calculate the greatest common factor of 5077248 and 13632.
192
What is the highest common divisor of 4759452 and 20820?
4164
What is the greatest common divisor of 6120 and 256950?
90
What is the highest common factor of 117965718 and 2983?
2983
Calculate the greatest common divisor of 16468 and 2664236.
716
Calculate the highest common divisor of 816363 and 549.
549
Calculate the greatest common divisor of 4940 and 13331084.
988
What is the greatest common factor of 603296 and 12352?
32
Calculate the greatest common factor of 2208 and 74563930.
46
What is the highest common factor of 80 and 15913472?
16
Calculate the highest common factor of 21 and 92677536.
21
Calculate the highest common factor of 44 and 24634313.
11
What is the highest common factor of 1050399 and 504?
63
What is the highest common divisor of 219 and 55400649?
219
What is the highest common factor of 76384 and 2251592?
1736
What is the highest common divisor of 202153670 and 23?
23
What is the greatest common factor of 735 and 3532395?
15
Calculate the highest common divisor of 9190477 and 899.
899
Calcula